{"id":31,"date":"2023-08-31T13:04:04","date_gmt":"2023-08-31T13:04:04","guid":{"rendered":"https:\/\/pocokvacok.hu\/?page_id=31"},"modified":"2025-05-25T10:47:17","modified_gmt":"2025-05-25T08:47:17","slug":"bemutatkozas","status":"publish","type":"page","link":"https:\/\/pocokvacok.hu\/index.php\/bemutatkozas\/","title":{"rendered":"Bemutatkoz\u00e1s"},"content":{"rendered":"<table style=\"border: none;\">\n<tbody style=\"border: none;\">\n<tr style=\"border: none;\">\n<td style=\"border: none;\"><img loading=\"lazy\" decoding=\"async\" class=\"wp-image-144 alignleft\" src=\"https:\/\/pocokvacok.hu\/wp-content\/uploads\/2024\/08\/pocok_vacok_csaladi_bolcsode_napkozi-300x300.png\" alt=\"Kecskem\u00e9ti vacok kicsi pockoknak\" width=\"129\" height=\"129\" srcset=\"https:\/\/pocokvacok.hu\/wp-content\/uploads\/2024\/08\/pocok_vacok_csaladi_bolcsode_napkozi-300x300.png 300w, https:\/\/pocokvacok.hu\/wp-content\/uploads\/2024\/08\/pocok_vacok_csaladi_bolcsode_napkozi-150x150.png 150w, https:\/\/pocokvacok.hu\/wp-content\/uploads\/2024\/08\/pocok_vacok_csaladi_bolcsode_napkozi.png 512w\" sizes=\"auto, (max-width: 129px) 100vw, 129px\" \/><\/td>\n<td style=\"border: none;\">\n<div style=\"text-align: justify; text-justify: inter-word;\"><em>Egyszer volt, hol nem volt m\u00e9g az \u00fcveghegyen is t\u00fal, az arbor\u00e9tumon innen, ahol a kurta fark\u00fa malac t\u00far, de \u00fagy t\u00far, hogy m\u00e9g az \u00fat is bukkan\u00f3s, volt egyszer egy csod\u00e1latos kis vacok az apr\u00f3s\u00e1goknak. Egy apr\u00f3 kis kuck\u00f3, amit Pocok Vacok Csal\u00e1di B\u00f6lcs\u0151d\u00e9nek h\u00edvtak, tele var\u00e1zslatos j\u00e1t\u00e9kokkal, sok-sok mes\u00e9vel. Ebben az apr\u00f3 kis b\u00f6lcsiben \u00fcld\u00f6g\u00e9l valaki, aki csak arra v\u00e1r, hogy gyerekzsivajt\u00f3l legyen hangos a k\u00f6rny\u00e9k, valaki j\u00e1tsszon vele, valaki kukucsk\u00e1ljon be hozz\u00e1. Hogy ki lehet ez a valaki? Elmes\u00e9lem\u2026.<\/em><\/div>\n<div><\/div>\n<\/td>\n<\/tr>\n<\/tbody>\n<\/table>\n<table style=\"border: none;\">\n<tbody style=\"border: none;\">\n<tr style=\"border: none;\">\n<td style=\"border: none;\">\n<div style=\"text-align: justify; text-justify: inter-word;\">A nevem Benk\u0151v\u00e1rin\u00e9 Zalai T\u00fcnde, \u00e9n vagyok a Pocok Vacok Csal\u00e1di B\u00f6lcs\u0151de meg\u00e1lmod\u00f3ja \u00e9s vezet\u0151je. Csecsem\u0151 \u00e9s kisgyermekgondoz\u00f3k\u00e9nt 19 \u00e9vet dolgoztam egy \u00f6nkorm\u00e1nyzati fenntart\u00e1s\u00fa b\u00f6lcs\u0151d\u00e9ben, ennek az id\u0151szaknak k\u00f6zel fel\u00e9t integr\u00e1lt csoportban. \u00c9letemnek ezt a meghat\u00e1roz\u00f3 id\u0151szak\u00e1t kalandos \u00fatkeres\u00e9s k\u00f6vette, majd 2018-ban a Bagolyv\u00e1r Fejleszt\u0151 K\u00f6zpontban szerezhettem el\u0151sz\u00f6r tapasztalatokat arr\u00f3l, hogy mi a k\u00fcl\u00f6nbs\u00e9g az \u00e1llami \u00e9s mag\u00e1n a fenntart\u00e1s\u00fa int\u00e9zm\u00e9nyek k\u00f6z\u00f6tt. Ezt k\u00f6vet\u0151en csatlakoztam a Kis Angyalok Csal\u00e1di B\u00f6lcs\u0151de csapat\u00e1hoz, akik k\u00f6zt tov\u00e1bb gyarap\u00edthattam m\u00e1r megszerzett tapasztalataimat, tud\u00e1somat. Id\u0151k\u00f6zben elv\u00e9geztem a b\u00f6lcs\u0151dei szolg\u00e1ltat\u00e1sny\u00fajt\u00f3 k\u00e9pz\u00e9st is. Egyre ink\u00e1bb kikrist\u00e1lyosodott egy olyan b\u00f6lcs\u0151de k\u00e9pe, ahov\u00e1 be\u00e9p\u00edthetem gyakorlatomat \u00e9s tud\u00e1somat. Igy j\u00f6tt l\u00e9tre a Pocok Vacok Csal\u00e1di B\u00f6lcs\u0151de, a v\u00e1rosnak egy csendes, nyugodt r\u00e9sz\u00e9n, M\u00e1riahegyben egy \u00faj\u00e9p\u00edt\u00e9s\u0171 csal\u00e1dih\u00e1zban. A szoba, ami a j\u00e1t\u00e9k, \u00e9tkez\u00e9s \u00e9s pihen\u00e9s helysz\u00edne 27m2 alapter\u00fclet\u0171. A berendez\u00e9si t\u00e1rgyakat \u00e9s a j\u00e1t\u00e9kk\u00e9szletet a gyermekek \u00e9letkori saj\u00e1toss\u00e1gait figyelembe v\u00e9ve, gondosan a 0-3 \u00e9ves koroszt\u00e1ly sz\u00e1m\u00e1ra \u00e1ll\u00edtottuk \u00f6ssze. A f\u00fcrd\u0151szob\u00e1ba kis wc \u00e9s kis mosd\u00f3 seg\u00edti a gyermekek \u00f6n\u00e1ll\u00f3sod\u00e1s\u00e1t. A h\u00e1zhoz tartoz\u00f3 udvarr\u00e9sz csendes, z\u00e1rt biztons\u00e1gos. A gyerekek sz\u00e1m\u00e1ra kialak\u00edtott j\u00e1tsz\u00f3kert ker\u00edt\u00e9ssel v\u00e9dett \u00e9s f\u00fcves\u00edtett. A Pocok Vacok Csal\u00e1di B\u00f6lcs\u0151d\u00e9t azzal a c\u00e9llal hoztuk l\u00e9tre, hogy a gyermekek sz\u00e1m\u00e1ra egy olyan k\u00f6rnyezetet alak\u00edtsunk ki, ahol kisl\u00e9tsz\u00e1m\u00fa, csal\u00e1dias l\u00e9gk\u00f6rt biztos\u00edtva el\u0151seg\u00edthetj\u00fck a gyermekek harmonikus testi-lelki-szellemi fejl\u0151d\u00e9s\u00e9t, t\u00e1mogathatjuk az \u00f6n\u00e1ll\u00f3s\u00e1guk kialakul\u00e1s\u00e1t. Ennek a csod\u00e1latos hivat\u00e1snak a gyakorl\u00e1s\u00e1ban seg\u00edts\u00e9gemre lesz egy nyugd\u00edjas kisgyermeknevel\u0151, akivel a legjobb tud\u00e1sunk szerint igyeksz\u00fcnk gondozni, nevelni a r\u00e1nk b\u00edzott gyermekeket. T\u00f6reksz\u00fcnk arra, hogy mire elmennek, t\u0151l\u00fcnk a gyerekek addigra elsaj\u00e1t\u00edts\u00e1k azokat a k\u00e9szs\u00e9geket, k\u00e9pess\u00e9geket, amelyek seg\u00edts\u00e9g\u00e9vel \u00f3voda\u00e9rett\u00e9 v\u00e1lnak, de k\u00f6zben legyen a mindennapok r\u00e9sze sok m\u00f3ka, kacag\u00e1s \u00e9s min\u00e9l t\u00f6bb \u00f6nfeledt j\u00e1t\u00e9k.<\/div>\n<\/td>\n<td style=\"border: none;\"><\/td>\n<\/tr>\n<\/tbody>\n<\/table>\n<p><iframe loading=\"lazy\" title=\"Pocok Vacok Csal\u00e1di B\u00f6lcs\u0151de Bemutatkoz\u00f3 Anyag\" src=\"https:\/\/www.youtube.com\/embed\/E_rDBVJkJgY\" height=\"auto\" width=\"auto\" frameborder=\"0\" allowfullscreen=\"allowfullscreen\"><\/iframe><\/p>\n","protected":false},"excerpt":{"rendered":"<p>Egyszer volt, hol nem volt m\u00e9g az \u00fcveghegyen is t\u00fal, az arbor\u00e9tumon innen, ahol a kurta fark\u00fa malac t\u00far, de \u00fagy t\u00far, hogy m\u00e9g az \u00fat is bukkan\u00f3s, volt egyszer &#8230;<\/p>\n","protected":false},"author":1,"featured_media":0,"parent":0,"menu_order":0,"comment_status":"closed","ping_status":"closed","template":"","meta":{"footnotes":""},"class_list":["post-31","page","type-page","status-publish","hentry"],"_links":{"self":[{"href":"https:\/\/pocokvacok.hu\/index.php\/wp-json\/wp\/v2\/pages\/31","targetHints":{"allow":["GET"]}}],"collection":[{"href":"https:\/\/pocokvacok.hu\/index.php\/wp-json\/wp\/v2\/pages"}],"about":[{"href":"https:\/\/pocokvacok.hu\/index.php\/wp-json\/wp\/v2\/types\/page"}],"author":[{"embeddable":true,"href":"https:\/\/pocokvacok.hu\/index.php\/wp-json\/wp\/v2\/users\/1"}],"replies":[{"embeddable":true,"href":"https:\/\/pocokvacok.hu\/index.php\/wp-json\/wp\/v2\/comments?post=31"}],"version-history":[{"count":18,"href":"https:\/\/pocokvacok.hu\/index.php\/wp-json\/wp\/v2\/pages\/31\/revisions"}],"predecessor-version":[{"id":264,"href":"https:\/\/pocokvacok.hu\/index.php\/wp-json\/wp\/v2\/pages\/31\/revisions\/264"}],"wp:attachment":[{"href":"https:\/\/pocokvacok.hu\/index.php\/wp-json\/wp\/v2\/media?parent=31"}],"curies":[{"name":"wp","href":"https:\/\/api.w.org\/{rel}","templated":true}]}}