{"id":33,"date":"2023-08-31T13:04:41","date_gmt":"2023-08-31T13:04:41","guid":{"rendered":"https:\/\/pocokvacok.hu\/?page_id=33"},"modified":"2024-08-20T11:16:56","modified_gmt":"2024-08-20T09:16:56","slug":"szolgaltatasaink","status":"publish","type":"page","link":"https:\/\/pocokvacok.hu\/index.php\/szolgaltatasaink\/","title":{"rendered":"Szolg\u00e1ltat\u00e1saink"},"content":{"rendered":"\n<div style=\"text-align: justify; text-justify: inter-word;\">B\u00f6lcs\u0151d\u00e9nkben lehet\u0151s\u00e9g van eg\u00e9sznapos \u00e9s f\u00e9lnapos b\u00f6lcs\u0151dei ell\u00e1t\u00e1s ig\u00e9nybev\u00e9tel\u00e9re. Illetve a szabad f\u00e9r\u0151helyeken id\u0151szakos gyermekfel\u00fcgyeletet is tudunk biztos\u00edtani. Mindegy, hogy milyen okb\u00f3l van sz\u00fcks\u00e9g gyermekfel\u00fcgyeletre, munka, tanul\u00e1s, takar\u00edt\u00e1s, \u00fcgyint\u00e9z\u00e9s, bev\u00e1s\u00e1rl\u00e1s idej\u00e9re is biztons\u00e1gban tudhatja gyermek\u00e9t n\u00e1lunk.<\/div>\n\n\n\n<div style=\"text-align: center; text-justify: inter-word; height:10px\"><\/div>\n\n\n\n<figure class=\"wp-block-pullquote\"><blockquote><p>Nyitva tart\u00e1s: h\u00e9tf\u0151t\u0151l p\u00e9ntekig 7:30-15:30-ig<\/p><\/blockquote><\/figure>\n\n\n\n<h5 class=\"wp-block-heading\"><\/h5>\n\n\n\n<h3 class=\"wp-block-heading\"><\/h3>\n\n\n\n<p><b><u>A b\u00f6lcs\u0151dei szolg\u00e1ltat\u00e1s tartalma:<\/u><\/b><\/p>\n<div style=\"text-align: justify; text-justify: inter-word;\"><p>Az \u00e1r tartalmazza a gondoz\u00e1si \u00e9s \u00e9tkez\u00e9si d\u00edjat (reggeli, t\u00edz\u00f3rai, eb\u00e9d, uzsonna). A norm\u00e1l \u00e9s di\u00e9t\u00e1s men\u00fc a 37\/2014.(IV.30.) EMMI rendeletnek megfelel\u0151en k\u00e9sz\u00fcl. Di\u00e9t\u00e1s men\u00fct orvosi igazol\u00e1s bemutat\u00e1sa ut\u00e1n tudunk rendelni, plusz k\u00f6lts\u00e9g ellen\u00e9ben. Hi\u00e1nyz\u00e1s eset\u00e9n a d\u00edjat nem \u00e1ll m\u00f3dunkban j\u00f3v\u00e1\u00edrni, de az eb\u00e9d \u00e9telesben meghat\u00e1rozott id\u0151n bel\u00fcl elvihet\u0151. Hi\u00e1nyz\u00e1s, betegs\u00e9g eset\u00e9n a havid\u00edj nem j\u00e1r vissza.<\/p>\n<p>A szerz\u0151d\u00e9ses id\u0151szak minden h\u00f3napj\u00e1ra k\u00f6teles a sz\u00fcl\u0151 t\u00e9r\u00edt\u00e9si d\u00edjat fizetni, f\u00fcggetlen\u00fcl a gyermek jelenl\u00e9t\u00e9t\u0151l.<\/p>\n<p>B\u00f6lcs\u0151d\u00e9nk biztos\u00edtja a gyermekek sz\u00e1m\u00e1ra a tiszt\u00e1lkod\u00e1shoz sz\u00fcks\u00e9ges eszk\u00f6z\u00f6ket, t\u00f6r\u00f6lk\u00f6z\u0151t, f\u00e9s\u0171t, fogmos\u00f3poharat, fogkr\u00e9met, \u00e9tkez\u00e9shez el\u0151k\u00e9t, de a sz\u00fcl\u0151knek kell hozni v\u00e1lt\u00f3cip\u0151t, \u00e9vszaknak megfelel\u0151, elegend\u0151 mennyis\u00e9g\u0171 v\u00e1lt\u00f3ruh\u00e1t, \u00e1gynem\u0171t, fogkef\u00e9t, pelenk\u00e1t, popsit\u00f6rl\u0151t, popsikr\u00e9met.<\/p>\n<\/div>\n","protected":false},"excerpt":{"rendered":"<p>B\u00f6lcs\u0151d\u00e9nkben lehet\u0151s\u00e9g van eg\u00e9sznapos \u00e9s f\u00e9lnapos b\u00f6lcs\u0151dei ell\u00e1t\u00e1s ig\u00e9nybev\u00e9tel\u00e9re. Illetve a szabad f\u00e9r\u0151helyeken id\u0151szakos gyermekfel\u00fcgyeletet is tudunk biztos\u00edtani. Mindegy, hogy milyen okb\u00f3l van sz\u00fcks\u00e9g gyermekfel\u00fcgyeletre, munka, tanul\u00e1s, takar\u00edt\u00e1s, \u00fcgyint\u00e9z\u00e9s, bev\u00e1s\u00e1rl\u00e1s &#8230;<\/p>\n","protected":false},"author":1,"featured_media":0,"parent":0,"menu_order":0,"comment_status":"closed","ping_status":"closed","template":"","meta":{"footnotes":""},"class_list":["post-33","page","type-page","status-publish","hentry"],"_links":{"self":[{"href":"https:\/\/pocokvacok.hu\/index.php\/wp-json\/wp\/v2\/pages\/33","targetHints":{"allow":["GET"]}}],"collection":[{"href":"https:\/\/pocokvacok.hu\/index.php\/wp-json\/wp\/v2\/pages"}],"about":[{"href":"https:\/\/pocokvacok.hu\/index.php\/wp-json\/wp\/v2\/types\/page"}],"author":[{"embeddable":true,"href":"https:\/\/pocokvacok.hu\/index.php\/wp-json\/wp\/v2\/users\/1"}],"replies":[{"embeddable":true,"href":"https:\/\/pocokvacok.hu\/index.php\/wp-json\/wp\/v2\/comments?post=33"}],"version-history":[{"count":17,"href":"https:\/\/pocokvacok.hu\/index.php\/wp-json\/wp\/v2\/pages\/33\/revisions"}],"predecessor-version":[{"id":243,"href":"https:\/\/pocokvacok.hu\/index.php\/wp-json\/wp\/v2\/pages\/33\/revisions\/243"}],"wp:attachment":[{"href":"https:\/\/pocokvacok.hu\/index.php\/wp-json\/wp\/v2\/media?parent=33"}],"curies":[{"name":"wp","href":"https:\/\/api.w.org\/{rel}","templated":true}]}}

Szolgáltatásaink

<div style="text-align: justify; text-justify: inter-word;">Bölcsődénkben lehetőség van egésznapos és félnapos bölcsődei ellátás igénybevételére. Illetve a szabad férőhelyeken időszakos gyermekfelügyeletet is tudunk biztosítani. Mindegy, hogy milyen okból van szükség gyermekfelügyeletre, munka, tanulás, takarítás, ügyintézés, bevásárlás idejére is biztonságban tudhatja gyermekét nálunk.</div>



<div style="text-align: center; text-justify: inter-word; height:10px"></div>



<figure class="wp-block-pullquote"><blockquote><p>Nyitva tartás: hétfőtől péntekig 7:30-15:30-ig</p></blockquote></figure>



<h5 class="wp-block-heading"></h5>



<h3 class="wp-block-heading"></h3>



<p><b><u>A bölcsődei szolgáltatás tartalma:</u></b></p>
<div style="text-align: justify; text-justify: inter-word;"><p>Az ár tartalmazza a gondozási és étkezési díjat (reggeli, tízórai, ebéd, uzsonna). A normál és diétás menü a 37/2014.(IV.30.) EMMI rendeletnek megfelelően készül. Diétás menüt orvosi igazolás bemutatása után tudunk rendelni, plusz költség ellenében. Hiányzás esetén a díjat nem áll módunkban jóváírni, de az ebéd ételesben meghatározott időn belül elvihető. Hiányzás, betegség esetén a havidíj nem jár vissza.</p>
<p>A szerződéses időszak minden hónapjára köteles a szülő térítési díjat fizetni, függetlenül a gyermek jelenlététől.</p>
<p>Bölcsődénk biztosítja a gyermekek számára a tisztálkodáshoz szükséges eszközöket, törölközőt, fésűt, fogmosópoharat, fogkrémet, étkezéshez előkét, de a szülőknek kell hozni váltócipőt, évszaknak megfelelő, elegendő mennyiségű váltóruhát, ágyneműt, fogkefét, pelenkát, popsitörlőt, popsikrémet.</p>
</div>

<p>Bölcsődénkben lehetőség van egésznapos és félnapos bölcsődei ellátás igénybevételére. Illetve a szabad férőhelyeken időszakos gyermekfelügyeletet is tudunk biztosítani. Mindegy, hogy milyen okból van szükség gyermekfelügyeletre, munka, tanulás, takarítás, ügyintézés, bevásárlás &#8230;</p>
