{"id":38,"date":"2023-08-31T13:06:02","date_gmt":"2023-08-31T13:06:02","guid":{"rendered":"https:\/\/pocokvacok.hu\/?page_id=38"},"modified":"2024-08-20T10:52:27","modified_gmt":"2024-08-20T08:52:27","slug":"kapcsolat","status":"publish","type":"page","link":"https:\/\/pocokvacok.hu\/index.php\/kapcsolat\/","title":{"rendered":"Kapcsolat"},"content":{"rendered":"<h3><\/h3>\n<h2>Pocok Vacok Csal\u00e1di B\u00f6lcs\u0151de<\/h2>\n<p><strong>Fenntart\u00f3: M \u00e9s F Nonprofit Bt. (6000 Kecskem\u00e9t, Sz\u00e9les k\u00f6z 50.)<\/strong><\/p>\n<h3>El\u00e9rhet\u0151s\u00e9gek<\/h3>\n<p><img loading=\"lazy\" decoding=\"async\" class=\"alignnone  wp-image-142\" src=\"https:\/\/pocokvacok.hu\/wp-content\/uploads\/2024\/08\/map-300x300.png\" alt=\"\" width=\"27\" height=\"27\" srcset=\"https:\/\/pocokvacok.hu\/wp-content\/uploads\/2024\/08\/map-300x300.png 300w, https:\/\/pocokvacok.hu\/wp-content\/uploads\/2024\/08\/map-150x150.png 150w, https:\/\/pocokvacok.hu\/wp-content\/uploads\/2024\/08\/map.png 512w\" sizes=\"auto, (max-width: 27px) 100vw, 27px\" \/>\u00a0<a href=\"https:\/\/maps.app.goo.gl\/KGWP854FbBkX6x7e9\">6000 Kecskem\u00e9t, Sz\u00e9les k\u00f6z 50.<\/a><\/p>\n<p><img loading=\"lazy\" decoding=\"async\" class=\"alignnone  wp-image-141\" src=\"https:\/\/pocokvacok.hu\/wp-content\/uploads\/2024\/08\/email-300x300.png\" alt=\"\" width=\"25\" height=\"25\" srcset=\"https:\/\/pocokvacok.hu\/wp-content\/uploads\/2024\/08\/email-300x300.png 300w, https:\/\/pocokvacok.hu\/wp-content\/uploads\/2024\/08\/email-150x150.png 150w, https:\/\/pocokvacok.hu\/wp-content\/uploads\/2024\/08\/email.png 512w\" sizes=\"auto, (max-width: 25px) 100vw, 25px\" \/>\u00a0<a href=\"mailto:pocvacok@gmail.com\">pocvacok@gmail.com<\/a><\/p>\n<p><img loading=\"lazy\" decoding=\"async\" class=\"alignnone  wp-image-140\" src=\"https:\/\/pocokvacok.hu\/wp-content\/uploads\/2024\/08\/phone.png\" alt=\"\" width=\"21\" height=\"21\" \/>\u00a0 \u00a00670 \/ 282 55 00 (\u00c9rdekl\u0151dni lehet\u0151leg 17:00 ut\u00e1n, addig lefoglalnak a b\u00f6lcsis gyerekek \ud83d\ude42<\/p>\n<h2><\/h2>\n<h3>Jelentkez\u00e9s menete<\/h3>\n<div style=\"text-align: justify; text-justify: inter-word;\">A Pocok Vacok Csal\u00e1di B\u00f6lcs\u0151de ir\u00e1nt \u00e9rdekl\u0151d\u0151ket telefonos vagy emailben val\u00f3 megkeres\u00e9s\u00fcnk ut\u00e1n, id\u0151pont egyeztet\u00e9st k\u00f6vet\u0151en, szem\u00e9lyesen fogadjuk a b\u00f6lcs\u0151d\u00e9nkben. A csal\u00e1di b\u00f6lcs\u0151de szem\u00e9lyes megtekint\u00e9se sor\u00e1n bemutat\u00e1sra ker\u00fclnek a b\u00f6lcs\u0151de szem\u00e9lyi \u00e9s t\u00e1rgyi felt\u00e9telei. A jelentkez\u00e9s a felv\u00e9teli k\u00e9relem kit\u00f6lt\u00e9s\u00e9vel v\u00e1lik hivataloss\u00e1. Az ell\u00e1t\u00e1st \u00f6nk\u00e9ntes alapon lehet ig\u00e9nybe venni. A meg\u00e1llapod\u00e1s megk\u00f6t\u00e9se el\u0151tt ismertet\u00e9sre ker\u00fcl a h\u00e1zirend, az ig\u00e9nybe vehet\u0151 szolg\u00e1ltat\u00e1sok list\u00e1ja, a fizetend\u0151 t\u00e9r\u00edt\u00e9si d\u00edj, valamint a meg\u00e1llapod\u00e1sok m\u00f3dja \u00e9s szab\u00e1lyai is. A szolg\u00e1ltat\u00e1s ig\u00e9nybev\u00e9tele a sz\u00fcl\u0151vel vagy t\u00f6rv\u00e9nyes k\u00e9pvisel\u0151vel k\u00f6t\u00f6tt meg\u00e1llapod\u00e1s alapj\u00e1n t\u00f6rt\u00e9nik. Az ell\u00e1t\u00e1sra k\u00f6t\u00f6tt meg\u00e1llapod\u00e1s tartalmazza a gyermekv\u00e9delmi t\u00f6rv\u00e9ny szerinti k\u00f6telez\u0151 elemeket \u00e9s a szolg\u00e1ltat\u00e1ssal kapcsolatos egy\u00e9b jogokat \u00e9s k\u00f6telezetts\u00e9geket. Felv\u00e9tel eset\u00e9n, csal\u00e1dl\u00e1togat\u00e1st k\u00f6vet\u0151en, a sz\u00fcl\u0151kkel el\u0151re egyeztetett id\u0151pontt\u00f3l megkezd\u0151dik a beszoktat\u00e1s, melynek optim\u00e1lis ideje 2 h\u00e9t.<\/div>\n","protected":false},"excerpt":{"rendered":"<p>Pocok Vacok Csal\u00e1di B\u00f6lcs\u0151de Fenntart\u00f3: M \u00e9s F Nonprofit Bt. (6000 Kecskem\u00e9t, Sz\u00e9les k\u00f6z 50.) El\u00e9rhet\u0151s\u00e9gek \u00a06000 Kecskem\u00e9t, Sz\u00e9les k\u00f6z 50. \u00a0pocvacok@gmail.com \u00a0 \u00a00670 \/ 282 55 00 (\u00c9rdekl\u0151dni lehet\u0151leg &#8230;<\/p>\n","protected":false},"author":1,"featured_media":0,"parent":0,"menu_order":0,"comment_status":"closed","ping_status":"closed","template":"","meta":{"footnotes":""},"class_list":["post-38","page","type-page","status-publish","hentry"],"_links":{"self":[{"href":"https:\/\/pocokvacok.hu\/index.php\/wp-json\/wp\/v2\/pages\/38","targetHints":{"allow":["GET"]}}],"collection":[{"href":"https:\/\/pocokvacok.hu\/index.php\/wp-json\/wp\/v2\/pages"}],"about":[{"href":"https:\/\/pocokvacok.hu\/index.php\/wp-json\/wp\/v2\/types\/page"}],"author":[{"embeddable":true,"href":"https:\/\/pocokvacok.hu\/index.php\/wp-json\/wp\/v2\/users\/1"}],"replies":[{"embeddable":true,"href":"https:\/\/pocokvacok.hu\/index.php\/wp-json\/wp\/v2\/comments?post=38"}],"version-history":[{"count":7,"href":"https:\/\/pocokvacok.hu\/index.php\/wp-json\/wp\/v2\/pages\/38\/revisions"}],"predecessor-version":[{"id":231,"href":"https:\/\/pocokvacok.hu\/index.php\/wp-json\/wp\/v2\/pages\/38\/revisions\/231"}],"wp:attachment":[{"href":"https:\/\/pocokvacok.hu\/index.php\/wp-json\/wp\/v2\/media?parent=38"}],"curies":[{"name":"wp","href":"https:\/\/api.w.org\/{rel}","templated":true}]}}